-7). What is the highest common divisor of g and 252?
18
Let f(v) = 8*v - 32. Suppose 38 + 1 = 3*m. Let h be f(m). Calculate the highest common factor of h and 8.
8
Let z(d) = d + 23. Let h be z(0). Let r be (-3 - 51/(-12))*(-48)/(-4). Suppose -5*l + 100 = -r. Calculate the greatest common divisor of l and h.
23
Suppose -3*f + f + 546 = 0. Let a be (9 - 22)*(-1 + 0/(3 + -5)). Calculate the highest common factor of a and f.
13
Suppose 3*t - 112 = -2*r, -2 = -5*r + 8. Let u = 7 - 19. Let q be (u/7)/(4/(-42)). What is the greatest common divisor of t and q?
18
Suppose -2*v = -30 + 22. Suppose -g = o - 6*o + 60, -v*o + 32 = -4*g. What is the highest common factor of o and 117?
13
Suppose 5*t = -3*l - l + 940, -2*t + 378 = 2*l. Calculate the greatest common divisor of t and 230.
46
Suppose 0 = -887*k + 883*k + 280. What is the greatest common divisor of 560 and k?
70
Let c = -4 + 5. Let b be 0 - (27/(-3) + c). Let s be 2/b - (-23)/4. Calculate the highest common divisor of s and 15.
3
Let n(p) = p**2 + 2*p. Let a be n(-3). Suppose 0 = 4*x - a*r - 141, -71 = -2*x - 0*r + r. Suppose 6*b - b = 450. What is the highest common divisor of x and b?
18
Let o = -73 + 257. Suppose 4*b - 35 = 13. Suppose 3*x - 69 + b = -3*q, 2*q - x = 50. What is the highest common divisor of o and q?
23
Suppose -f = -175 - 25. Calculate the greatest common divisor of f and 16.
8
Let k = -20 + 14. Let a = 0 + k. Let w be ((-32)/a)/(2/3). What is the greatest common divisor of w and 8?
8
Suppose x + 3*b - 85 = 0, -165 = -2*x - 3*b + 2*b. What is the greatest common factor of x and 287?
41
Let s = 28 + -20. Let m be (4 - 1)*1656/(-27). Let a = m + 272. Calculate the highest common factor of a and s.
8
Let o(i) = i. Let r(l) = -3*l**2 - 4. Let y(m) = 3*o(m) - r(m). Let n be y(-3). Suppose 2*t = t + n. What is the greatest common divisor of 55 and t?
11
Let a = 653 - 584. Calculate the greatest common divisor of 12 and a.
3
Let u = -1212 - -1232. Calculate the greatest common divisor of 55 and u.
5
Suppose -h + 46 = -2*m, -h + 51 = -2*m - m. Let w(n) = 3*n - 9. Let b be w(9). Calculate the greatest common factor of b and h.
18
Suppose -2*n + 3*j - 344 = -2*j, 2*j - 516 = 3*n. Let c be 1/(56/24) + n/(-7). What is the highest common divisor of 50 and c?
25
Let k = -177 + 169. Let f(z) = -13*z + z + 0 - 19. Let x be f(k). What is the highest common divisor of x and 11?
11
Let w = 45 + -34. Suppose 2*r = -2*p + r - 25, -3*r = 3. Let i = -1 - p. What is the highest common divisor of w and i?
11
Let p = -53 - -75. Let n = 16 + -13. Let q be 1*-11*(-3)/n. What is the highest common divisor of q and p?
11
Let d be (14/(-4))/(1/(-2) - -1). Let r be -5 - -1 - ((-9 - 14) + d). Calculate the greatest common divisor of r and 2.
2
Let r be (-7194)/(-30) - (-36)/(-20). Calculate the greatest common divisor of 6 and r.
2
Let c = -30 - -110. Let s be 0/2 - -5*2. Calculate the highest common factor of s and c.
10
Let v(h) = h**2 + 29*h + 20. Let c be v(-29). Calculate the greatest common factor of c and 24.
4
Let q = -6 - -10. Suppose 0 = -2*x - 5*f + 87, -q*x - 3*f = -5*x + 16. Calculate the highest common factor of 217 and x.
31
Let m(q) = q**2 - 4*q - 20. Let u be m(-5). Suppose 4*s = 155 + u. Calculate the highest common divisor of s and 30.
15
Suppose -30 = -p + 3. Suppose -3*n + p = -5*j + 4, -2*n = -4*j - 22. Let o be 25/10 - 2/j. What is the highest common divisor of o and 24?
3
Let t = 1746 + -1056. Calculate the highest common factor of 30 and t.
30
Suppose 16*n = 1743 + 5217. Calculate the greatest common factor of 15 and n.
15
Let j = -93 + 98. Suppose j*m = 5*k - 215, -9 = 5*m + 11. Calculate the highest common factor of 3 and k.
3
Suppose 0*h - 27*h + 4968 = 0. What is the greatest common factor of h and 23?
23
Suppose -f - 3 = 4*o, 3*f - 23 = 5*o + 19. Let p be 8/(-6)*f/(-6). Suppose 0 = -4*d + p*d, g = -3*d + 6. Calculate the greatest common factor of g and 6.
6
Suppose 71*v - 1767 = 68*v. Calculate the greatest common divisor of 155 and v.
31
Suppose 53*h - 2634 = 1818. Let v be 54 - (-3 - -1) - 0. Calculate the greatest common divisor of h and v.
28
Let m = 45 + -26. Let t = m - -89. Calculate the highest common divisor of t and 27.
27
Let d = -19 - 7. Let p = -29 - d. Let u be 744/18 + (-2)/p. Calculate the highest common divisor of u and 63.
21
Suppose -4*x = -5*f + 17, 3*f + 2*x = 4*x + 11. Let i(b) = -3*b - 69. Let p be i(-9). Let u be 4 - (-7)/(p/12). Calculate the highest common factor of f and u.
1
Let d be (1 - 6)*1/1 - -34. Calculate the highest common divisor of 203 and d.
29
Let y be (0/(-4))/1 - -2. Suppose y = -u + 1. Let f be 8 - -5 - 1*u. What is the highest common factor of f and 42?
14
Suppose -2 = -2*s + 8. Let b = 2 + s. What is the highest common factor of 7 and b?
7
Let g(a) be the third derivative of -a**6/120 + 11*a**5/60 + a**4/12 + 11*a**3/6 + 15*a**2. Let j be g(5). What is the highest common divisor of j and 19?
19
Let k = -367 + 370. Calculate the highest common divisor of 147 and k.
3
Suppose -5*y = 5*l - 150, 4*y = -y - 2*l + 144. Let q = -29 + y. Let s(w) = -9*w + 1. Let g be s(q). What is the highest common divisor of g and 20?
10
Suppose 0 = 5*c - 25, -5*v + c = 2*c - 115. Let s = v + -21. Let u = s - -6. Calculate the highest common factor of u and 49.
7
Let f be (16/36*-3)/(4/(-54)). Calculate the highest common factor of 153 and f.
9
Suppose n + 4*b + 20 = 3*n, 4*n - b = 54. Calculate the greatest common divisor of n and 98.
14
Suppose -21*h + 4752 = -918. Calculate the greatest common factor of 10 and h.
10
Let n = -9 - -27. Let p be (-3)/n*-3*12. Suppose 0 = k - 5, 4*u - p - 26 = -4*k. Calculate the greatest common divisor of u and 3.
3
Let m be (-92)/6*-1*3. Let p = m + -30. Suppose -a = 5*u - 23 - 61, 3*u - 32 = 4*a. What is the highest common factor of p and u?
16
Let b(v) = -71*v + 5. Let r be b(-5). Let t be (18/4)/((-7 - 35)/(-420)). Calculate the greatest common divisor of r and t.
45
Let k(r) = -r**3 - r**2 + r + 4. Let l be k(0). What is the highest common factor of l and 26?
2
Let t be -2 + (-21)/((-147)/224). Let n be -7*1*(-18)/21. Calculate the greatest common factor of n and t.
6
Suppose 24 = -l + 3*l. Suppose 5*f - 5 = -5*s, 5*s + f - l = 9. Let m be (s/10)/((-2)/(-588)). What is the highest common divisor of 21 and m?
21
Let g(m) = 3*m**3 - 13*m**2 + 16*m - 3. Let d be g(6). What is the highest common factor of 105 and d?
21
Suppose -x - 53 = 48. Let l = 133 + x. Calculate the highest common factor of l and 8.
8
Let u be (-4 - 41)/(-2 - -1). Suppose -5*b + 20 = -5. Let w = 23 - b. Calculate the highest common factor of u and w.
9
Suppose 3*h - 19 = 4*h. Let j = -14 - h. Calculate the highest common divisor of 35 and j.
5
Suppose n + 2*r - 34 = -3*r, -2*r + 28 = 2*n. Suppose -5*d = -n*d + 64. What is the greatest common divisor of 2 and d?
2
Let x = 137 + -111. Suppose -3*f + 104 = f. What is the highest common divisor of f and x?
26
Let j(h) be the third derivative of h**4/12 + 23*h**3/6 + 40*h**2. Let p be j(-10). Calculate the highest common factor of 21 and p.
3
Suppose -654 = -4*r - 222. What is the highest common factor of r and 12?
12
Let a = 524 + -496. Suppose -2*t + 4 + 12 = 0. Calculate the highest common factor of t and a.
4
Suppose 128 = 13*s - 5*s. What is the greatest common factor of 552 and s?
8
Let h = -21 - -26. Suppose -3*g = -7 - h. What is the highest common factor of g and 12?
4
Suppose 0 = -19*j + 14*j + 4*z + 814, 0 = -5*j - 2*z + 808. What is the highest common factor of 216 and j?
54
Let l = -32 + 38. Calculate the greatest common factor of l and 30.
6
Let l = -621 - -957. Suppose 6*y - 12*y + l = 0. What is the highest common factor of 8 and y?
8
Let s = -605 - -670. Calculate the highest common factor of 455 and s.
65
Let m(o) = -12*o**2 - 97*o - 1. Let w be m(-8). Calculate the highest common factor of 329 and w.
7
Let i = -273 + 139. Let x = -108 - i. What is the greatest common divisor of 104 and x?
26
Suppose -8*k - 9*k = -357. What is the greatest common divisor of 182 and k?
7
Let b = 525 - 407. Calculate the greatest common divisor of 413 and b.
59
Let k = 144 + -143. Suppose -2*l + n + 2*n = k, 34 = 2*l + 4*n. What is the highest common factor of 28 and l?
7
Let q = -18 + 20. Suppose 0 